/4. Let i(a) = 3*a + 27. Let n be i(g). Suppose 0 = 5*p - 2*s - n, -p = -4*s + s + 1. List the prime factors of p.
2, 7
Let m = 55 + 22. Let q be (-5 - -7)/(1*5/(-65)). Let n = m + q. What are the prime factors of n?
3, 17
Suppose 22624 + 132806 = 30*t. What are the prime factors of t?
3, 11, 157
Let m(s) = -2*s**3 + 18*s**2 - 10*s + 7. Let k(q) = q**3 - 9*q**2 + 5*q - 3. Let p(v) = -5*k(v) - 2*m(v). List the prime factors of p(6).
79
Let y(o) = 15*o**3 - 11*o**2 - 21*o - 333. Let l(x) = -7*x**3 + 5*x**2 + 10*x + 167. Let d(r) = 13*l(r) + 6*y(r). List the prime factors of d(0).
173
Let i(w) = w**3 + 30*w**2 + 47*w - 75. What are the prime factors of i(-23)?
3, 283
Let o = 2525 - 1212. What are the prime factors of o?
13, 101
Let l(a) = 15*a + 54. Let p be l(-6). List the prime factors of p/(-48) + (-2034)/(-8).
3, 5, 17
Suppose s + 1240 = 6*s. Suppose -s = -6*m + 106. What are the prime factors of m?
59
Let f = -9 + -29. Let a = 17 + f. List the prime factors of (-79)/(-7) - (-6)/a.
11
Suppose 5*h + 4*s + 26 = 0, -s - 6 = h - 0*h. Let p be (2 - (-5)/h)*-10. Suppose -7*q = -p*q - 18. List the prime factors of q.
3
Let u = -2 - 4. Let h be ((-45)/10)/((-1)/u). Let b = -22 - h. List the prime factors of b.
5
Let k be 105/(-9) - 4/(-6). Let o = 1 - k. List the prime factors of o.
2, 3
Let t = -12 - -14. Suppose t*i + i - 177 = -5*n, 2*i - 106 = -3*n. Suppose 6*a - 3*a = n. List the prime factors of a.
2, 3
Suppose -5*y + 414 = -291. Let u = 238 - y. List the prime factors of u.
97
Let r(c) = 2*c**2 + 4*c - 17. Let f(y) = -10*y**2 - 20*y + 85. Let n(m) = 2*f(m) + 11*r(m). List the prime factors of n(6).
79
Let h(s) be the first derivative of 7*s - s**2 - 1/4*s**4 - 4/3*s**3 + 4. List the prime factors of h(-5).
2, 3, 7
Let n(t) = -683*t + 290. List the prime factors of n(-3).
2339
Let x be 31*(-1)/(-11) + (-2)/(-11). What are the prime factors of 1/(x - (0 + 330/111))?
37
Let d be (208/(-39))/((-4)/(-18)). Let f = -13 - d. Suppose 2*z + f = 55. List the prime factors of z.
2, 11
Let g be -4*2/((-8)/7). Let u = -4 + g. Suppose 0 = -2*w + u*b + 86, -w - 5*b - 225 = -6*w. List the prime factors of w.
7
Let z(f) = -f**3 + 9*f**2 - 12*f - 1. Let l be (-2 + (4 - 3))*-27. Suppose 5*x = -2*i + 5 + 2, -5*i + l = 3*x. List the prime factors of z(i).
5, 7
Suppose 5*q + 30 = f + 2*f, 2*f - 3*q = 19. Let z be (8 - f)*(-56)/(-6). Suppose 6*o + z = 7*o. What are the prime factors of o?
2, 7
Let n(d) = -25*d - 165. List the prime factors of n(-27).
2, 3, 5, 17
Let g(j) = 14*j**2 - j + 3. Let l be g(-3). Suppose -3*h + l + 255 = 0. List the prime factors of h.
3, 43
Let o be (284 - 7)*((1 - -1) + -3). Let a = 411 + o. List the prime factors of a.
2, 67
Let k be ((-23)/46)/((-2)/1740). Suppose c - k = -2*c. What are the prime factors of c?
5, 29
Let s = -265 + 1203. List the prime factors of s.
2, 7, 67
Let v = 743 - -485. List the prime factors of v.
2, 307
Let r(y) = -y + 33. Let i(a) = 1. Let g(s) = 2*i(s) + r(s). List the prime factors of g(17).
2, 3
Let m be 50/20 + (-1)/(-2). Let x = 6 + m. What are the prime factors of x?
3
Let s = -3 - 15. Let y = 35 + -33. Let w = y - s. List the prime factors of w.
2, 5
Suppose 1791 = 7*a - 18943. What are the prime factors of a?
2, 1481
Suppose -f = -170 - 14. Let b = -108 + f. List the prime factors of b.
2, 19
Let j be -1*7*(-6)/21. List the prime factors of -3 + (j - 4/(12/(-27))).
2
What are the prime factors of ((-1130)/(-5) - -7)*2?
2, 233
What are the prime factors of (-2)/21 - (1719703/(-357) + 1)?
2, 7, 43
Let j be (-216)/((20/8)/(-5)). Suppose -j = -5*l - 3*w, -w = -l - 5*w + 83. Suppose -f = 19 - l. What are the prime factors of f?
2, 17
Let w be (-3 - 15/(-3))*2*1. Suppose w = 5*o - 341. List the prime factors of o.
3, 23
Let t = 63 - -509. List the prime factors of t.
2, 11, 13
Let q(h) = 193*h - 282. What are the prime factors of q(8)?
2, 631
Let f(l) be the second derivative of 4*l**4/3 - 2*l**3/3 - 7*l**2/2 + 24*l. What are the prime factors of f(-3)?
149
Let w be -5 - (-5 + (0 - -2)). Let i = w + 5. Suppose o = -5*n + i + 13, 4*o = 3*n + 41. List the prime factors of o.
11
Let r = -110 + 115. Suppose 3*w = 2*b + 700, -2*w + r*b + 460 = 2*b. What are the prime factors of w?
2, 59
Let h(i) = -6 + 5*i + i**2 - 10*i + i. Let d be h(4). Let n(u) = u**3 + 9*u**2 + 10*u + 15. List the prime factors of n(d).
3, 7
Suppose 21*r - 12525 = -4482. List the prime factors of r.
383
Let g(r) = -4*r**3 - 7*r**2 - r - 2. Let x be g(-4). Let p = -102 + x. What are the prime factors of p?
2, 11
Suppose -90*p - 51300 = -108*p. List the prime factors of p.
2, 3, 5, 19
Suppose 4235 = 23*l + 716. List the prime factors of l.
3, 17
Suppose 5*r - 459 = -3*d - 73, 573 = 4*d - 5*r. Suppose 3*f = -d + 419. List the prime factors of f.
2, 47
Let n(v) = -v**2 - 13*v + 5. Suppose -a = 19 - 7. Let w be (55/(-20))/((-3)/a). List the prime factors of n(w).
3
Let w(x) = -x**2 - 12*x - 12. Let n(p) = -3*p + 10. Let k be n(7). Let j be w(k). What are the prime factors of (-40)/(-5) + (1 - j)?
2, 5
Suppose 2*o = 20 - 16. Suppose -2*p - 5*n + 0*n = -29, 3*p - o*n = 15. What are the prime factors of p?
7
Let n(b) = 3*b - 7. Let i be n(3). Suppose 5*u + 5 = -i*c, -c = -4*u + 3*u - 8. Suppose -c*l = 1 - 46. List the prime factors of l.
3
Suppose 0 = -t + 16 - 27. Let y = t - -33. List the prime factors of y.
2, 11
Suppose 25*m - 29*m + 1656 = 0. Suppose -3*d + m = 3*d. What are the prime factors of d?
3, 23
Let x be 3/7 + (4 - 24/(-42)). Suppose 3*q + 3*b = x*q - 308, -q - 4*b + 176 = 0. What are the prime factors of q?
2, 5
Suppose -4 = 2*p + 28. Let m = -50 + p. Let i = -33 - m. List the prime factors of i.
3, 11
Let s = 23 - 14. Suppose -125 = -s*w + 4*w. What are the prime factors of w?
5
Let t(y) = 5*y**2 - 2*y - 2. Suppose 0*l + 5*l = -4*w + 21, 2*l = 3*w - 10. Suppose -4*f = -5*s - 2, -s + 2*f + 0*f = w. What are the prime factors of t(s)?
2, 7
Let u = -3164 - -3953. List the prime factors of u.
3, 263
Let n = 129 + -215. Let f = -40 - n. What are the prime factors of f?
2, 23
List the prime factors of -1*(-5 + -997)/6 - -2.
13
Let i = 1942 - 985. List the prime factors of i.
3, 11, 29
Suppose p - 10 = -p. Suppose 5*z - 4*w = w + p, -3*w + 15 = 3*z. Suppose z*u + 0*u - 3*m = 30, 4*u - 55 = m. List the prime factors of u.
3, 5
Let f(q) = -q**3 - 12*q**2 - 15*q + 44. What are the prime factors of f(-17)?
2, 109
Let n be 5 - 4/(1 + 1). Let v be (n - -3)*(-46)/(-6). Suppose -3*q + v = -5*x, 0 = -4*q + 2*x + x + 43. What are the prime factors of q?
7
Let q(d) = -d**3 + 5*d**2 - 5*d + 3. Let n be q(5). Let b = n - -25. Suppose 5*j + 33 = 4*g, 3*j + 38 = b*g + 2*g. List the prime factors of g.
7
Let a(l) = -l**2 - 3*l + 15. Let c(b) = -2*b**2 - 2*b + 16. Let z(p) = 3*a(p) - 2*c(p). What are the prime factors of z(-6)?
79
Suppose -u + 2*c + 632 = 0, -3*c - 1902 = -0*u - 3*u. What are the prime factors of u?
2, 3, 53
Let t(m) = -m**3 - 3*m**2 + 9*m - 43. List the prime factors of t(-10).
3, 7
Suppose 2*a - a + 4*u = -21, 0 = -a - 2*u - 15. Let k = a + 80. What are the prime factors of k?
71
Suppose -6*l = -l + 5*g + 295, 2*l - 4*g = -136. Let o = 44 + l. List the prime factors of (o + 0)*8/(-16).
3
Let l(i) = i**3 - 7*i**2 + 9*i + 3. Let w be l(5). What are the prime factors of 354/(-9)*((-5)/w - 4)?
59
Let z(n) be the third derivative of n**4/12 + 79*n**3/6 - 8*n**2. List the prime factors of z(0).
79
Suppose -2*i - 66 = 3*h - 1135, 3*h = -3*i + 1068. What are the prime factors of h?
3, 7, 17
Suppose 5*h + 2 - 27 = 0. Suppose h*r - 57 + 197 = 0. What are the prime factors of (-206)/(-8) - (-21)/r?
5
What are the prime factors of (128 - -4)/(10/55)?
2, 3, 11
Let l(d) = -d**2 - 15*d - 5. Let b be (-1 - 0)/(1/7). Let i = -17 - b. List the prime factors of l(i).
3, 5
Let g be 6*(13/2 - 1). Let s = g + 111. What are the prime factors of s?
2, 3
Let l(v) = -v + 15. Let h be l(9). Suppose -p - 3 = -4*y + 18, y - h = p. Let u(t) = t**3 - 4*t**2 + 4*t - 3. What are the prime factors of u(y)?
2, 3, 7
Let x be (32 - -16)/(3/(-2)). Let l = x + 63. What are the prime factors of l - ((-28)/(-4) - 3)?
3
Let x(m) = -41*m - 43. Suppose -11*n - 3*n - 112 = 0. What are the prime factors of x(n)?
3, 5, 19
Suppose 0 = -264*k + 269*k - 1565. What are the prime fact